 142291363 prime?
False
Is 36068323 prime?
True
Is 121587623 composite?
True
Is 7178069 a prime number?
True
Is 6431461 composite?
False
Is 223145297 composite?
False
Is 63452269 a prime number?
True
Is 9217079 a composite number?
False
Is 87280663 a prime number?
False
Is 1583197763 composite?
True
Is 25000583 prime?
True
Is 4943731 prime?
False
Is 924061 prime?
False
Is 576881 composite?
False
Is 140092867 a composite number?
False
Is 90728771 composite?
True
Is 305203 a composite number?
True
Is 27900437 composite?
False
Is 19510921 composite?
False
Is 149893501 prime?
True
Is 1702313 a prime number?
True
Is 19153361 a prime number?
False
Is 3204953 prime?
True
Is 482855263 composite?
True
Is 2231561 prime?
False
Is 57768545 prime?
False
Is 47756143 a composite number?
False
Is 88554671 composite?
False
Is 9509287 prime?
True
Is 339591991 prime?
True
Is 7034213 a prime number?
False
Is 178497029 a prime number?
True
Is 9296431 a composite number?
False
Is 20166997 a prime number?
False
Is 55130329 composite?
False
Is 6160211 prime?
True
Is 2434721 prime?
True
Is 545329 a composite number?
False
Is 282878 a prime number?
False
Is 6549971 prime?
False
Is 76649 composite?
False
Is 11480177 prime?
True
Is 10918189 composite?
False
Is 11636003 composite?
True
Is 876514811 a composite number?
True
Is 201697837 composite?
True
Is 122117621 composite?
False
Is 844331 a composite number?
True
Is 17186249 a prime number?
True
Is 552569 a composite number?
True
Is 15724651 composite?
True
Is 4072685 prime?
False
Is 2487649 a composite number?
True
Is 1635355123 prime?
True
Is 7160669 prime?
True
Is 165901 prime?
True
Is 461029453 a composite number?
True
Is 1589435 composite?
True
Is 16370583 prime?
False
Is 38594983 prime?
False
Is 8338069 composite?
True
Is 58917259 a prime number?
False
Is 172037611 prime?
True
Is 105665443 composite?
True
Is 51359741 a prime number?
False
Is 831067 a composite number?
False
Is 30803063 composite?
False
Is 1591769 a prime number?
False
Is 2105251 composite?
False
Is 85812865 prime?
False
Is 584799 prime?
False
Is 388555709 a composite number?
False
Is 1289401 prime?
True
Is 9460153 a composite number?
True
Is 152909369 composite?
True
Is 6207153 composite?
True
Is 336437 prime?
True
Is 2112307 composite?
False
Is 14143199 a prime number?
False
Is 94229719 prime?
True
Is 6958319 prime?
True
Is 1590067 prime?
False
Is 438611 a composite number?
False
Is 133769 prime?
True
Is 3133142 a prime number?
False
Is 974489 a composite number?
False
Is 29919023 prime?
True
Is 33067985 a prime number?
False
Is 63615251 prime?
False
Is 6937349 composite?
False
Is 697617421 composite?
False
Is 39239857 a composite number?
False
Is 228155342 a prime number?
False
Is 24935837 composite?
False
Is 680689 composite?
True
Is 39402919 a composite number?
True
Is 384426343 a prime number?
False
Is 2812891 a prime number?
False
Is 24020357 a prime number?
True
Is 703289857 a composite number?
False
Is 1350161 a prime number?
False
Is 13655245 prime?
False
Is 7090043 a composite number?
False
Is 243547 prime?
False
Is 3425341 a prime number?
True
Is 8278 prime?
False
Is 9083599 prime?
False
Is 304667 composite?
True
Is 138213737 a prime number?
True
Is 552919 composite?
True
Is 117211231 a prime number?
True
Is 65545849 a prime number?
True
Is 68061731 a composite number?
False
Is 96789509 a prime number?
True
Is 2321863 a prime number?
True
Is 9831581 a prime number?
False
Is 1292921 prime?
False
Is 217719542 a prime number?
False
Is 1383355 a composite number?
True
Is 83304329 composite?
False
Is 1476681 a prime number?
False
Is 912089 a composite number?
False
Is 2990497 prime?
True
Is 928729271 a prime number?
True
Is 32443651 a composite number?
False
Is 576107 a composite number?
True
Is 230305697 composite?
True
Is 2786881 composite?
True
Is 117430777 a composite number?
True
Is 2331019 composite?
True
Is 1700066 a composite number?
True
Is 12499801 prime?
True
Is 7670441 composite?
False
Is 1902077 composite?
True
Is 30109 composite?
False
Is 222693071 composite?
False
Is 159064853 a composite number?
True
Is 154866199 a composite number?
True
Is 5944789 composite?
False
Is 12699497 prime?
True
Is 76281574 prime?
False
Is 13073339 prime?
False
Is 114366427 composite?
True
Is 1576921 a composite number?
False
Is 3939423 a prime number?
False
Is 2285131 composite?
False
Is 1918533 a composite number?
True
Is 9125731 a composite number?
True
Is 232260791 composite?
True
Is 69669973 a prime number?
False
Is 74829607 prime?
True
Is 2318939 prime?
False
Is 57674095 a composite number?
True
Is 135494489 a composite number?
True
Is 11168258 a prime number?
False
Is 74434 a composite number?
True
Is 247471 prime?
False
Is 41201401 prime?
True
Is 795827 a prime number?
True
Is 63927881 composite?
True
Is 521545 composite?
True
Is 7096289 a composite number?
True
Is 13554071 composite?
False
Is 9834013 prime?
False
Is 1907729 prime?
True
Is 73882247 prime?
True
Is 4501697 a prime number?
False
Is 1054461443 a prime number?
False
Is 222424023 composite?
True
Is 246899 prime?
True
Is 75192333 composite?
True
Is 9564769 prime?
False
Is 55318387 composite?
False
Is 39458011 prime?
False
Is 1612157 composite?
False
Is 3468163 a composite number?
False
Is 58578953 a composite number?
True
Is 1404197 a composite number?
True
Is 34728593 a composite number?
False
Is 5638277 a composite number?
False
Is 7770049 a prime number?
False
Is 249693511 a prime number?
True
Is 316717009 prime?
False
Is 7688177 a prime number?
False
Is 4005239 composite?
True
Is 8325091 a prime number?
False
Is 71372377 a composite number?
False
Is 324338527 a composite number?
True
Is 32659591 a prime number?
False
Is 156751411 a prime number?
False
Is 4073233 a composite number?
False
Is 16757555 composite?
True
Is 9559613 composite?
True
Is 1533761 a prime number?
False
Is 3876503 composite?
True
Is 7514597 prime?
True
Is 31789297 a prime number?
True
Is 15146681 composite?
True
Is 24284719 composite?
True
Is 4250353 prime?
True
Is 536909 composite?
False
Is 272385229 a composite number?
False
Is 410185943 a composite number?
True
Is 164019 prime?
False
Is 59359907 a prime number?
True
Is 74357359 a prime number?
True
Is 152720335 prime?
False
Is 2155429 a composite number?
False
Is 93764539 composite?
True
Is 1169873 a prime number?
True
Is 2717381 a composite number?
True
Is 39089659 a composite number?
True
Is 11863 prime?
True
Is 261287545 a composite number?
True
Is 3773897 a composite number?
False
Is 240993911 a prime number?
True
Is 2903423 prime?
False
Is 61209589 prime?
False
Is 283215965 composite?
True
Is 15320633 a composite number?
False
Is 15543001 prime?
True
Is 366938207 composite?
False
Is 4739717 a composite number?
False
Is 433003769 a composite number?
True
Is 2505679 prime?
False
Is 8549077 a composite number?
True
Is 21193361 a composite number?
True
Is 972779 a composite number?
True
Is 40479031 a prime number?
True
Is 313699357 a prime number?
False
Is 106177273 a composite number?
False
Is 3105413 a composite number?
False
Is 574051 a prime number?
True
Is 7310039 composite?
True
Is 5088914 a composite number?
True
Is 43922759 composite?
False
Is 87753863 a composite number?
True
Is 165287879 prime?
False
Is 173186999 prime?
True
Is 5124943 composite?
False
Is 2440727 a composite number?
True
Is 4603435 a composite number?
True
Is 238554941 a composite number?
False
Is 9492037 prime?
True
Is 430409807 a prime number?
False
Is 445691 prime?
True
Is 2194229 composite?
False
Is 54216829 prime?
True
Is 220924757 a prime number?
False
Is 9896249 prime?
False
Is 49688921 a prime number?
True
Is 5017933 composite?
True
Is 67033 a composite number?
False
Is 21975469 prime?
False
Is 111950143 prime?
True
Is 3241585 a prime number?
False
Is 7974707 a prime number?
False
Is 1002907 prime?
False
Is 140177519 composite?
False
Is 1535837 a prime number?
True
Is 20643487 a composite number?
False
Is 4937899 a composite number?
False
Is 254330389 a composite number?
True
Is 17091499 a composite number?
True
Is 11023423 composite?
True
Is 423672601 a prime number?
False
Is 74489 a composite number?
False
Is 808591 a prime number?
False
Is 11957566 composite?
T